333784 a multiple of 228?
True
Is 76121950 a multiple of 925?
True
Is 222 a factor of 902206?
False
Does 1593 divide 185872833?
True
Is 900 a factor of 26291700?
True
Does 420 divide 269204391?
False
Is 128641507 a multiple of 41?
False
Is 814914240 a multiple of 112?
True
Does 76 divide 367517779?
False
Is 2234 a factor of 7042122032?
True
Does 474 divide 14297819?
False
Is 4704411 a multiple of 6?
False
Is 6518 a factor of 177154228?
False
Is 89144654 a multiple of 59?
False
Does 2011 divide 159753840?
True
Does 6 divide 83343921?
False
Is 60594842 a multiple of 353?
False
Is 124880220 a multiple of 15?
True
Is 200 a factor of 21708937?
False
Is 31804380 a multiple of 8?
False
Is 11 a factor of 426146?
False
Does 17 divide 591460131?
False
Is 11085 a factor of 513645645?
True
Is 261310153 a multiple of 15?
False
Is 167196884 a multiple of 100?
False
Does 59 divide 3842894?
False
Is 75393620 a multiple of 860?
True
Is 1604 a factor of 687169640?
True
Does 3715 divide 431883610?
True
Is 206628812 a multiple of 52?
True
Is 335629922 a multiple of 59?
False
Does 73 divide 8042799?
False
Is 2007 a factor of 7855932?
False
Is 131582463 a multiple of 2819?
True
Does 17 divide 59951775?
True
Is 28 a factor of 2000460?
True
Does 32 divide 6083616?
True
Is 345048408 a multiple of 176?
False
Is 148 a factor of 3589815628?
True
Is 25 a factor of 905999450?
True
Is 820645910 a multiple of 190?
True
Is 549657296 a multiple of 3396?
False
Is 21 a factor of 132508777?
False
Is 1800 a factor of 90544702?
False
Is 232938 a multiple of 18?
True
Is 7 a factor of 87410273?
False
Does 474 divide 473539746?
True
Does 116 divide 153641768?
True
Is 49 a factor of 53284609?
True
Is 5 a factor of 1202769400?
True
Does 36 divide 2623527388?
False
Is 12139823 even?
False
Is 104 a factor of 360492080?
True
Is 5035 a factor of 955599755?
False
Does 13 divide 83968140?
False
Is 95930339 a multiple of 130?
False
Does 2117 divide 138139092?
False
Is 380 a factor of 6490020?
True
Does 6 divide 135030646?
False
Is 153636560 a multiple of 385?
True
Does 148 divide 5977560?
False
Is 3735 a factor of 238677705?
True
Is 108333283 a multiple of 643?
True
Does 1409 divide 174297527?
True
Is 917 a factor of 1240392888?
True
Is 2959 a factor of 1924191448?
False
Does 108 divide 9364251?
False
Is 424821482 a multiple of 335?
False
Is 6895 a factor of 273741176?
False
Is 20624641 a multiple of 43?
False
Is 43139076 a multiple of 1806?
False
Does 33 divide 406637946?
True
Does 73 divide 72964011?
True
Is 10 a factor of 63886463?
False
Does 1937 divide 29771690?
True
Is 76993407 a multiple of 183?
True
Is 22 a factor of 246388538?
True
Does 31 divide 3947721?
False
Does 331 divide 2863568?
False
Is 88 a factor of 31562608?
True
Does 26 divide 57146798?
False
Is 41555052 a multiple of 171?
True
Does 92 divide 181510661?
False
Is 382433096 a multiple of 37?
False
Is 10 a factor of 67612380?
True
Does 5 divide 1390500741?
False
Does 25 divide 368884075?
True
Is 342387 a multiple of 9?
True
Is 259131408 a multiple of 136?
True
Is 25 a factor of 351137598?
False
Is 7739 a factor of 841771030?
True
Is 48 a factor of 44175268?
False
Is 1036 a factor of 832988548?
True
Is 43885518 a multiple of 33?
False
Is 61 a factor of 230187465?
True
Does 280 divide 1605367680?
True
Is 32 a factor of 21585691?
False
Does 4508 divide 2180695412?
True
Is 62118860 a multiple of 18?
False
Is 3 a factor of 492059621?
False
Is 505512965 a multiple of 46?
False
Does 1996 divide 1367249370?
False
Does 46 divide 4665504?
True
Does 2 divide 20565578?
True
Is 1023 a factor of 3331911?
True
Is 335058580 a multiple of 8?
False
Does 17 divide 5724631?
True
Is 743107390 a multiple of 4888?
False
Is 6481 a factor of 473858315?
True
Is 43850906 a multiple of 517?
True
Does 278 divide 360464561?
False
Does 11 divide 72700141?
False
Is 385403984 a multiple of 2359?
True
Does 1902 divide 886655340?
True
Is 137 a factor of 1746804115?
True
Does 2 divide 310461?
False
Is 3 a factor of 890667215?
False
Is 10774889 a multiple of 71?
True
Is 37 a factor of 31598748?
False
Is 92083348 a multiple of 196?
True
Is 13 a factor of 16731273?
True
Does 11 divide 7120905?
True
Is 252155123 a multiple of 869?
True
Is 31 a factor of 717770663?
False
Is 61290703 a multiple of 331?
False
Is 162 a factor of 19211463?
False
Does 5756 divide 315695454?
False
Is 157 a factor of 87684196?
False
Does 132 divide 53191379?
False
Does 11 divide 270256349?
True
Does 85 divide 21277658?
False
Is 414234880 a multiple of 256?
True
Does 10146 divide 4189222000?
False
Is 11 a factor of 368801985?
False
Is 55153816 a multiple of 23?
True
Is 80 a factor of 155066876?
False
Is 137119047 a multiple of 13?
True
Is 440760952 a multiple of 1898?
False
Is 36 a factor of 171085068?
True
Does 100 divide 40183000?
True
Is 425 a factor of 1290040750?
True
Does 73 divide 792965757?
False
Does 537 divide 3110330?
False
Is 30252039 a multiple of 1764?
False
Is 47627616 a multiple of 8?
True
Is 28335173 a multiple of 205?
False
Is 494614034 a multiple of 1171?
False
Is 6371034 a multiple of 6?
True
Does 10 divide 52019366?
False
Does 1329 divide 2348010750?
True
Is 274654185 a multiple of 2119?
True
Is 371 a factor of 109145974?
True
Is 91996787 a multiple of 29?
True
Is 3425499 a multiple of 33?
True
Does 497 divide 89194105?
True
Does 5 divide 18374190?
True
Is 29307265 a multiple of 5?
True
Is 82 a factor of 105498002?
True
Is 30 a factor of 88759110?
True
Does 5 divide 6185123?
False
Does 126 divide 341343324?
True
Does 16 divide 1012863431?
False
Is 221 a factor of 256127287?
True
Is 7786546 a multiple of 81?
False
Is 649902508 a multiple of 6126?
False
Is 123616691 a multiple of 151?
False
Is 35 a factor of 14974585?
False
Does 1838 divide 25545116?
False
Is 14 a factor of 69571488?
True
Is 3172038771 a multiple of 627?
True
Does 171 divide 51025545?
True
Is 17 a factor of 106260778?
True
Does 207 divide 206645217?
False
Does 32 divide 333408?
True
Does 662 divide 53610205?
False
Is 225551589 a multiple of 69?
False
Does 138 divide 1282835187?
False
Is 70901114 a multiple of 95?
False
Is 3378 a factor of 745702024?
False
Is 20068191 a multiple of 99?
True
Is 14424293 a multiple of 86?
False
Is 90 a factor of 59845351?
False
Is 541686288 a multiple of 858?
True
Does 38 divide 586563762?
False
Is 4 a factor of 134821906?
False
Does 10 divide 142603320?
True
Is 763873572 a multiple of 462?
True
Is 5339596 a multiple of 10?
False
Is 321 a factor of 407095093?
False
Is 15 a factor of 47520?
True
Does 647 divide 58407278?
True
Is 890 a factor of 6266490?
True
Is 63 a factor of 2429236530?
True
Is 7101042 a multiple of 469?
False
Is 162188863 a multiple of 4?
False
Does 337 divide 116504927?
False
Is 3496710 a multiple of 7?
True
Is 103003992 a multiple of 316?
True
Is 7115352 a multiple of 6?
True
Is 77 a factor of 3818512?
False
Is 3513501344 a multiple of 52?
False
Is 126690368 a multiple of 7?
True
Is 469206580 a multiple of 25?
False
Does 15 divide 16555215?
True
Is 200838 a multiple of 1345?
False
Does 226 divide 548529120?
True
Is 698 a factor of 753010078?
True
Does 206 divide 51852878?
True
Does 7 divide 2796260?
False
Is 10 a factor of 7033796?
False
Is 20 a factor of 42743260?
True
Is 275 a factor of 1894029?
False
Is 181421020 a multiple of 20?
True
Is 63 a factor of 876967252?
False
Does 78 divide 4957404?
False
Does 283 divide 1356275236?
True
Does 212 divide 2394637267?
False
Does 39 divide 519262302?
True
Does 250 divide 1119694957?
False
Is 14 a factor of 10364480?
True
Is 1183 a factor of 10668294?
True
Does 84 divide 45762780?
True
Is 68107720 a multiple of 6?
False
Does 3 divide 64030?
False
Is 21 a factor of 1345492748?
False
Is 825895394 a multiple of 2412?
False
Is 75033815 a multiple of 69?
False
Does 140 divide 2331349068?
False
Is 720 a factor of 22809600?
True
Is 2009 a factor of 76673485?
True
Does 99 divide 92759832?
True
Is 377 a factor of 1951821377?
False
Is 16425 a factor of 3728902050?
True
Is 195348402 a multiple of 963?
True
Is 1278 a factor of 1127029860?
True
Is 164947398 a multiple of 57?
True
Is 132 a factor of 4562844?
True
Does 2850 divide 68589150?
False
Is 4 a factor of 1633463459?
False
Is 167 a factor of 291962259?
True
Does 10